{"id":885,"date":"2018-08-31T15:31:00","date_gmt":"2018-08-31T18:31:00","guid":{"rendered":"https:\/\/profjardinyespecial-sal.infd.edu.ar\/sitio\/tecnicatura-superior-en-gestion-de-recursos-humanos\/"},"modified":"2025-11-18T13:30:13","modified_gmt":"2025-11-18T16:30:13","slug":"tecnicatura-superior-en-gestion-de-recursos-humanos","status":"publish","type":"page","link":"https:\/\/profjardinyespecial-sal.infd.edu.ar\/sitio\/tecnicatura-superior-en-gestion-de-recursos-humanos\/","title":{"rendered":"Tecnicatura"},"content":{"rendered":"<p style=\"text-align: center;\"><div id=\"metaslider-id-1124\" style=\"width: 100%;\" class=\"ml-slider-3-33-0 metaslider metaslider-flex metaslider-1124 ml-slider ms-theme-default\" role=\"region\" aria-roledescription=\"Slideshow\" aria-label=\"Slideshow\">\n    <div id=\"metaslider_container_1124\">\n        <div id=\"metaslider_1124\" class=\"flexslider\">\n            <ul aria-live=\"polite\" class=\"slides\">\n                <li style=\"display: block; width: 100%;\" class=\"slide-1128 ms-image\" aria-roledescription=\"slide\" aria-label=\"slide-1128\"><img src=\"https:\/\/profjardinyespecial-sal.infd.edu.ar\/sitio\/wp-content\/uploads\/2019\/11\/2-2-1030x421.jpg\" height=\"450\" width=\"1100\" alt=\"\" class=\"slider-1124 slide-1128\" title=\"2\" \/><div class=\"caption-wrap\"><div class=\"caption\">Una gran visi\u00f3n sin grandes personas es irrelevante. - Jim Collins.<\/div><\/div><\/li>\n                <li style=\"display: none; width: 100%;\" class=\"slide-1126 ms-image\" aria-roledescription=\"slide\" aria-label=\"slide-1126\"><img src=\"https:\/\/profjardinyespecial-sal.infd.edu.ar\/sitio\/wp-content\/uploads\/2019\/11\/1-4-740x302.jpg\" height=\"450\" width=\"1100\" alt=\"\" class=\"slider-1124 slide-1126\" title=\"1\" \/><div class=\"caption-wrap\"><div class=\"caption\">Los Recursos Humanos no es algo que hacemos. Es lo que hace funcionar nuestro negocio. - Steve Wynn.<\/div><\/div><\/li>\n                <li style=\"display: none; width: 100%;\" class=\"slide-1130 ms-image\" aria-roledescription=\"slide\" aria-label=\"slide-1130\"><img src=\"https:\/\/profjardinyespecial-sal.infd.edu.ar\/sitio\/wp-content\/uploads\/2019\/11\/3-2-873x357.jpg\" height=\"450\" width=\"1100\" alt=\"\" class=\"slider-1124 slide-1130\" title=\"10757194 - business people.\" \/><div class=\"caption-wrap\"><div class=\"caption\">Los Recursos Humanos se contratan para dar resultados, no razones. - Amit Kalantri.<\/div><\/div><\/li>\n            <\/ul>\n        <\/div>\n        \n    <\/div>\n<\/div><\/p>\n<p style=\"text-align: center;\">Resoluci\u00f3n Vigente : 8966\/18 para consultar la misma,\u00a0correlatividades y Resoluciones Anteriores Ingresar <a href=\"https:\/\/drive.google.com\/file\/d\/1qiLEr-BXY8-0pPgEV7Gn2x3RsNWEy45b\/view?usp=sharing\">Aqu\u00ed<\/a><\/p>\n<h4 style=\"text-align: center;\">PROP\u00d3SITOS DE LA CARRERA<\/h4>\n<p>Desarrollar los conocimientos y las competencias necesarias que permita a los egresados ejercer como t\u00e9cnicos en Recursos Humanos en organizaciones actuales.<\/p>\n<p>Proporcionar un conocimiento de las distintas t\u00e9cnicas de actuaci\u00f3n dentro de todas las esferas de los recursos humanos ,tanto en selecci\u00f3n, formaci\u00f3n y desarrollo como en pol\u00edticas de retribuci\u00f3n.<\/p>\n<h4 style=\"text-align: center;\">COMPETENCIA GENERAL<\/h4>\n<p>El t\u00e9cnico estar\u00e1 capacitado para participar de la planificaci\u00f3n y gesti\u00f3n de los procesos de recurso humanos referidos a : reclutamiento, selecci\u00f3n, motivaci\u00f3n, capacitaci\u00f3n y desarrollo.<\/p>\n<p>Participara de la puesta en marcha de la planificaci\u00f3n general de la organizaci\u00f3n a partir de :<\/p>\n<p>Analizar el mercado laboral en funci\u00f3n de la necesidades de la organizaci\u00f3n, planificar ejecutar y controlar los procesos administrativos articuladamente con los distintos sectores de la organizaci\u00f3n.<\/p>\n<p>Desarrollar su capacidad de liderazgo y comunicaci\u00f3n, negociaci\u00f3n, emprendimiento, creatividad y trabajo en equipo.<\/p>\n","protected":false},"excerpt":{"rendered":"<p>Resoluci\u00f3n Vigente : 8966\/18 para consultar la misma,\u00a0correlatividades y Resoluciones Anteriores Ingresar Aqu\u00ed PROP\u00d3SITOS DE LA CARRERA Desarrollar los conocimientos y las competencias necesarias que permita a los egresados ejercer como t\u00e9cnicos en Recursos Humanos en organizaciones actuales. Proporcionar un conocimiento de las distintas t\u00e9cnicas de actuaci\u00f3n dentro de todas las esferas de los recursos &#8230; <a title=\"Tecnicatura\" class=\"read-more\" href=\"https:\/\/profjardinyespecial-sal.infd.edu.ar\/sitio\/tecnicatura-superior-en-gestion-de-recursos-humanos\/\" aria-label=\"More on Tecnicatura\">[+]<\/a><\/p>\n","protected":false},"author":858,"featured_media":0,"parent":0,"menu_order":0,"comment_status":"closed","ping_status":"closed","template":"","meta":[],"acf":[],"_links":{"self":[{"href":"https:\/\/profjardinyespecial-sal.infd.edu.ar\/sitio\/wp-json\/wp\/v2\/pages\/885"}],"collection":[{"href":"https:\/\/profjardinyespecial-sal.infd.edu.ar\/sitio\/wp-json\/wp\/v2\/pages"}],"about":[{"href":"https:\/\/profjardinyespecial-sal.infd.edu.ar\/sitio\/wp-json\/wp\/v2\/types\/page"}],"author":[{"embeddable":true,"href":"https:\/\/profjardinyespecial-sal.infd.edu.ar\/sitio\/wp-json\/wp\/v2\/users\/858"}],"replies":[{"embeddable":true,"href":"https:\/\/profjardinyespecial-sal.infd.edu.ar\/sitio\/wp-json\/wp\/v2\/comments?post=885"}],"version-history":[{"count":6,"href":"https:\/\/profjardinyespecial-sal.infd.edu.ar\/sitio\/wp-json\/wp\/v2\/pages\/885\/revisions"}],"predecessor-version":[{"id":2705,"href":"https:\/\/profjardinyespecial-sal.infd.edu.ar\/sitio\/wp-json\/wp\/v2\/pages\/885\/revisions\/2705"}],"wp:attachment":[{"href":"https:\/\/profjardinyespecial-sal.infd.edu.ar\/sitio\/wp-json\/wp\/v2\/media?parent=885"}],"curies":[{"name":"wp","href":"https:\/\/api.w.org\/{rel}","templated":true}]}}